ighest common factor of 160 and 500?
20
Calculate the highest common divisor of 66 and 2838.
66
What is the greatest common divisor of 992 and 128?
32
What is the greatest common divisor of 1 and 32?
1
Calculate the highest common factor of 19 and 247.
19
What is the greatest common divisor of 2 and 62?
2
What is the greatest common divisor of 260 and 100?
20
Calculate the highest common divisor of 140 and 875.
35
Calculate the highest common divisor of 378 and 10080.
126
What is the greatest common divisor of 1000 and 5?
5
What is the greatest common divisor of 1794 and 208?
26
Calculate the greatest common divisor of 68 and 46461.
17
What is the highest common divisor of 30 and 445?
5
Calculate the greatest common divisor of 30 and 3375.
15
What is the highest common divisor of 108 and 3087?
9
Calculate the greatest common factor of 2133 and 54.
27
Calculate the highest common factor of 67 and 21306.
67
What is the highest common factor of 4454 and 34?
34
Calculate the greatest common factor of 31 and 9703.
31
Calculate the highest common factor of 5122 and 78.
26
Calculate the greatest common factor of 6 and 38.
2
Calculate the highest common divisor of 15 and 1635.
15
Calculate the highest common factor of 30 and 80.
10
Calculate the highest common factor of 400 and 16.
16
Calculate the greatest common divisor of 3015 and 180.
45
Calculate the greatest common factor of 5 and 55.
5
What is the highest common divisor of 22 and 4?
2
What is the highest common divisor of 2156 and 16940?
308
Calculate the highest common factor of 135 and 18.
9
Calculate the highest common divisor of 52 and 4186.
26
What is the highest common divisor of 7 and 7070?
7
What is the highest common factor of 4 and 500?
4
Calculate the greatest common divisor of 2275 and 1750.
175
What is the highest common divisor of 46 and 1679?
23
What is the highest common factor of 108 and 783?
27
What is the highest common factor of 4329 and 117?
117
What is the greatest common divisor of 67 and 804?
67
What is the greatest common divisor of 14 and 10577?
7
Calculate the greatest common factor of 156 and 23244.
156
Calculate the highest common divisor of 30 and 2010.
30
What is the greatest common factor of 34 and 2057?
17
What is the highest common divisor of 1750 and 2030?
70
What is the greatest common divisor of 466 and 10?
2
Calculate the greatest common divisor of 893 and 38.
19
What is the greatest common divisor of 18 and 106?
2
Calculate the greatest common divisor of 20 and 445.
5
Calculate the greatest common factor of 70 and 126.
14
Calculate the greatest common divisor of 13 and 65.
13
What is the highest common divisor of 42 and 462?
42
What is the highest common factor of 14408 and 8?
8
What is the greatest common divisor of 5 and 35?
5
Calculate the highest common factor of 3 and 498.
3
Calculate the greatest common divisor of 8 and 228.
4
What is the greatest common divisor of 115 and 368?
23
What is the greatest common divisor of 25 and 5?
5
Calculate the highest common divisor of 32 and 76224.
32
Calculate the greatest common factor of 1281 and 305.
61
Calculate the highest common divisor of 40 and 10.
10
Calculate the greatest common factor of 642 and 1819.
107
Calculate the highest common divisor of 95 and 40.
5
What is the greatest common factor of 124 and 155?
31
Calculate the greatest common divisor of 1375 and 11.
11
Calculate the highest common divisor of 50 and 35.
5
Calculate the greatest common divisor of 177 and 42.
3
What is the greatest common divisor of 6237 and 77?
77
What is the greatest common factor of 465 and 25265?
155
What is the greatest common divisor of 7416 and 36?
36
What is the highest common factor of 187 and 51?
17
Calculate the greatest common divisor of 4555 and 5.
5
Calculate the greatest common divisor of 25 and 175.
25
Calculate the highest common divisor of 2772 and 56.
28
Calculate the greatest common factor of 8 and 72.
8
What is the greatest common factor of 1182 and 12?
6
Calculate the highest common divisor of 1444 and 38.
38
Calculate the highest common factor of 28 and 1428.
28
What is the highest common divisor of 78 and 6019?
13
Calculate the greatest common divisor of 11 and 143.
11
Calculate the highest common factor of 72 and 1704.
24
What is the highest common factor of 1168 and 16?
16
What is the greatest common factor of 25 and 325?
25
Calculate the greatest common divisor of 52 and 754.
26
What is the greatest common divisor of 114 and 11001?
57
What is the highest common divisor of 8313 and 204?
51
Calculate the greatest common divisor of 377 and 39.
13
What is the greatest common divisor of 1513 and 979?
89
Calculate the highest common factor of 89 and 1513.
89
Calculate the highest common divisor of 194 and 2.
2
Calculate the greatest common divisor of 174 and 9077.
29
Calculate the highest common divisor of 1034 and 188.
94
What is the highest common factor of 11101 and 153?
17
Calculate the greatest common divisor of 1673 and 7.
7
Calculate the highest common divisor of 3096 and 288.
72
Calculate the highest common factor of 24 and 15.
3
What is the greatest common factor of 288 and 90?
18
Calculate the greatest common factor of 4420 and 26.
26
Calculate the highest common divisor of 150 and 9.
3
What is the highest common factor of 160 and 100?
20
What is the highest common factor of 612 and 4437?
153
What is the greatest common divisor of 225 and 325?
25
Calculate the highest common factor of 1744 and 432.
16
What is the highest common divisor of 27 and 39?
3
Calculate the greatest common factor of 34 and 221.
17
What is the highest common factor of 125 and 75?
25
Calculate the greatest common factor of 210 and 30.
30
What is the highest common factor of 8194 and 34?
34
What is the greatest common divisor of 28 and 602?
14
Calculate the greatest common divisor of 45 and 1125.
45
Calculate the greatest common divisor of 742 and 56.
14
Calculate the highest common divisor of 663 and 1479.
51
What is the greatest common divisor of 722 and 38?
38
What is the greatest common divisor of 184 and 24?
8
Calculate the highest common factor of 28 and 1036.
28
What is the greatest common divisor of 70 and 5320?
70
Calculate the highest common divisor of 85 and 1445.
85
Calculate the highest common divisor of 40 and 3.
1
What is the greatest common factor of 721 and 28?
7
Calculate the highest common divisor of 126 and 99.
9
What is the highest common divisor of 125 and 395?
5
Calculate the greatest common divisor of 650 and 195.
65
What is the greatest common factor of 54 and 405?
27
What is the greatest common factor of 3599 and 671?
61
Calculate the greatest common factor of 69 and 1817.
23
Calculate the highest common factor of 9564 and 24.
12
Calculate the greatest common factor of 77 and 33341.
77
Calculate the greatest common factor of 70 and 20.
10
Calculate the greatest common factor of 177 and 42.
3
What is the highest common factor of 12831 and 364?
91
What is the greatest common factor of 1799 and 7?
7
What is the greatest common divisor of 212 and 583?
53
What is the greatest common divisor of 28990 and 26?
26
Calculate the greatest common divisor of 42 and 2136.
6
Calculate the highest common factor of 13 and 1066.
13
Calculate the highest common factor of 198 and 36.
18
What is the highest common factor of 168 and 784?
56
Calculate the greatest common divisor of 579 and 3.
3
What is the greatest common divisor of 161 and 7?
7
What is the greatest common factor of 1750 and 280?
70
What is the highest common divisor of 258 and 55599?
129
Calculate the highest common factor of 174 and 18.
6
What is the greatest common factor of 362 and 3439?
181
What is the greatest common divisor of 589 and 62?
31
Calculate the greatest common divisor of 120 and 1380.
60
What is the greatest common divisor of 96 and 2080?
32
What is the highest common factor of 272 and 153?
17
What is the greatest common factor of 550 and 20?
10
What is the greatest common divisor of 100 and 3775?
25
Calculate the greatest common factor of 8 and 4376.
8
Calculate the highest common divisor of 125 and 33625.
125
Calculate the highest common factor of 2747 and 246.
41
What is the greatest common factor of 14 and 133?
7
What is the hi